7*v(q). Calculate y(15).
12
Let c(w) = 1477 - 480 - 484 - w**2 - 500. What is c(-3)?
4
Suppose 4*h = -127 + 41 + 294. Let j(p) = 2*p**3 - 103*p**2 - 54*p + 101. Calculate j(h).
-3
Let t(g) = -3*g**3 - 5*g**2 + 3*g - 6. Suppose -8 - 6 = -4*n + 3*s, -4*n = 4*s. Let w(l) = l**3 - 3*l + 1. Let c(b) = n*w(b) + t(b). Determine c(-4).
-8
Let k(s) = -s**2 + 3*s + 58. Let o(p) = -p - 15. Let z(y) = -4*k(y) - 15*o(y). Calculate z(3).
38
Let z(g) = -g**2 - 5*g + 2. Let j(a) = -a**2 - 3*a + 5. Let h be j(-4). Suppose -3*u + 37 = h. Suppose -3*c - u = 0, -5*m - 27 = -2*m + 3*c. Determine z(m).
2
Let l(p) be the first derivative of 1/3*p**3 + 5/24*p**4 - 5 - 1/60*p**5 + 27/2*p**2 + 0*p. Let w(h) be the second derivative of l(h). Calculate w(3).
8
Let k(h) be the second derivative of 5*h**3/3 + 4*h**2 + 4*h - 46. Determine k(-5).
-42
Let r(n) = -3*n**3 + n**2 - n + 7. Let i = -27 - -24. Let h be 1/i*(-9)/(-1). Let g(y) = -4*y**3 + y**2 - 2*y + 8. Let v(k) = h*r(k) + 2*g(k). What is v(0)?
-5
Let f(g) = 3*g**3 - 21*g**2 + 3*g - 21. Let z be f(7). Let x(o) = 6*o + 11. Calculate x(z).
11
Let n(f) = -f**3 + 7*f**2 - 9*f. Let z be n(5). Suppose -z*r = -5*g - 150, -154 = -8*r + 3*r + 3*g. Let m = 24 - r. Let q(j) = j + 2. Calculate q(m).
-6
Let q(r) = -r - 5. Let m(l) = -2*l - 10. Let c(p) = -6*m(p) + 11*q(p). Let b be c(-3). Let y(z) = -3*z**2 + 1 + 4*z + z**2 - 2 + 3*z**b. Determine y(-3).
-4
Suppose 9*r + r = 10. Let i(p) = 187*p - 93*p - 81*p + r. What is i(1)?
14
Let r = -48 + 53. Let j(c) be the third derivative of 0*c - 9*c**2 - 1/3*c**3 + 0 - 1/15*c**5 - 1/4*c**4 + 1/120*c**6. What is j(r)?
-7
Let v(h) = 2*h**2 + h - 8. Let x be v(-6). Let k = x + -35. Let p(i) = k - 41 + 2*i + 25 - i. Calculate p(-6).
1
Let z(l) = l + 128. Let t be z(-10). Let b(f) = t*f - 64*f - 52*f. Calculate b(3).
6
Let y(i) = 7*i. Suppose 2*j + 151 = 239. Let m(b) = 6*b - 262. Let h be m(j). Give y(h).
14
Suppose 4*b - 2*f - 1474 = 0, 6*b - 5*f - 355 = 5*b. Let p = b - 368. Let g(r) = -2*r**2 - 3*r + 3. What is g(p)?
-11
Let d(v) = -v + 7. Let r(p) be the first derivative of -p**4/2 - p**3/3 - p**2 - 8*p - 6. Let o be r(-2). Give d(o).
-1
Let m(f) = -f**2 - 9*f - 3. Let a(l) = l - 1. Let d(t) = -a(t) - m(t). Suppose -5*v = -3*o + 55, -4*o + 37 = -4*v - 3*o. Calculate d(v).
4
Let z(j) = 4*j + 9. Let n(t) = 13*t + 28. Suppose -123*f + 132*f = 18. Let m(o) = f*n(o) - 7*z(o). Calculate m(-4).
1
Let g(y) = -4*y**2 + 1. Let n(x) = -3*x - 8. Let k be n(0). Let m(s) = -s**3 - 10*s**2 - 16*s + 8. Let j be m(k). Suppose -j + 6 = -2*v. Calculate g(v).
-3
Suppose 0*x - 5*x - 382 = -3*k, 5*k - 226 = 3*x. Let a be 413/x - 4/(-11). Let f(t) = 3*t + 9. Give f(a).
-6
Let s(l) = 4*l - 1. Suppose -2*j = 2*w + 324, -w + 2*j = -2*j + 142. Let c = w + 160. Give s(c).
7
Let p(s) = s**3 + s**2 - 3*s + 3. Suppose 5*i - v - 18 = 0, -2*i - 7*v + 18 = -2*v. Suppose i*y = -d - 4, -4 + 0 = 2*y + d. Let l = -3 + y. What is p(l)?
-6
Let c = 4471 + -4447. Let w(f) = f**2 - 23*f + 35. Calculate w(c).
59
Let c be (20/(-15))/((-28)/126). Suppose 3*q - l = 4, 0*q - 5*l = -2*q - 19. Let g(h) = 22*h**q + 9*h**2 - 4*h**2 - c*h**2. Calculate g(1).
21
Let t be 50/(-15)*(-4)/((-8)/(-9)). Let h(p) = -7*p**2 + 4 - p**3 - 11 - 20*p + t*p. Suppose 0 = -3*q - 2*q - 30. What is h(q)?
-13
Let a(m) = m**2 - 39*m + 43. Let j be a(38). Let t(i) = 9 - 19 + i + j + 2. Determine t(-9).
-12
Let q(x) = 2*x**2 - x - 4. Let o(b) = b**3 + 4*b**2 + 3*b + 2. Let h be o(-3). Determine q(h).
2
Let r be 1 + (-12 - (-4 + -5)). Let y be 1/((3/(-1))/(-6)). Let j(s) = 3*s + y*s**3 + 1 + 80*s**2 - 6*s**3 - 81*s**2. Give j(r).
23
Let y(g) = g**3 + 27*g**2 - 9*g - 63. Let l(a) = a**3 + a**2 + 6*a - 1. Let i(b) = 2*l(b) - y(b). Calculate i(24).
-11
Suppose 3 = -3*y - 0. Let j be (9 - y)*(0 + 1). Let i(u) = -u**3 + 68*u**2 + 0*u**3 + 91*u**2 - 149*u**2 - 7. Determine i(j).
-7
Let t = 0 + 4. Suppose -337 = t*z - 361. Let d(o) = o**3 - 5*o**2 - 6*o + 6. Determine d(z).
6
Let c(w) = w**3 + 29*w**2 + 2*w + 68. Let x be 924/(-32) - (-3)/(-24). Let b be c(x). Let p(q) = q**2 - 9*q - 6. Calculate p(b).
4
Suppose -4*g + 5*y = 3, 3*g = 5*g - 2*y. Let n(i) = -3 - 445*i**3 + 2*i**2 + 2 - 439*i**g + 881*i**3. Determine n(-1).
4
Let f(u) = u**2 - 9*u - 94. Let x be 77 - 71 - (-18)/((-4)/(-2)). Determine f(x).
-4
Let r(b) be the third derivative of -b**5/60 - 2*b**4/3 - 8*b**3/3 + 847*b**2. What is r(-13)?
23
Let q(f) = -21*f**2 + 2*f - 1. Let g be (((-5)/20)/1)/((-5)/20). Determine q(g).
-20
Let t be (7437/185 + -41)*75/(-12). Let l(w) = w + 0*w - 9 - 6. Give l(t).
-10
Let w(t) = 29*t**2 + 2*t - 7. Let f(x) = 36*x**2 + 4*x - 9. Let q(b) = 4*f(b) - 5*w(b). Give q(3).
8
Let n = 101 + -121. Let q(y) = 68*y + 48. Let b(g) = -10*g - 7. Let r(d) = n*b(d) - 3*q(d). What is r(-5)?
16
Let p(s) = -5 + 1 + 5*s + s**3 - 6*s**2 + 2*s**3. Let z = -161 - -165. Let w(f) = 8*f**3 - 17*f**2 + 14*f - 11. Let c(h) = z*w(h) - 11*p(h). What is c(-2)?
-2
Let r = -125 - -166. Let g = -13 + r. Suppose -f - 6 = -o, 5*f - o + g = 2*o. Let h(l) = l. What is h(f)?
-5
Let r(k) = k - 7. Suppose 2*i + 0*l = -5*l - 8, l = -4. Let u(x) = x**3 - 5*x**2 - 8*x + 7. Let g be u(i). Calculate r(g).
-12
Let l(i) = -8780*i - 8775*i + 17552*i - 24. Calculate l(-18).
30
Suppose 4*c + g - 452 = 3144, 3612 = 4*c - 3*g. Let o = -895 + c. Let t(p) = -p**2 + 8*p - 13. Calculate t(o).
2
Let n(o) = -12 + 20 + 20 + 2*o. Let c be (1/4)/(75/(-5100)). What is n(c)?
-6
Suppose 0 = 2*s - 0*s - t - 9, -3*t + 3 = -s. Let i(w) = 3 - w**2 + s*w**2 - w - w**3 - 3 + 4. Let o(m) = -88*m - 1139. Let j be o(-13). Give i(j).
-1
Let z(i) = -2*i**3 + 15*i**2 + 30*i - 23. Let c be z(9). Let t(h) = h**3 - 5*h**2 + 12*h - 31. Give t(c).
1
Let k(g) be the second derivative of g**4/12 - 65*g**3/6 + 251*g**2/2 + 1541*g. Determine k(61).
7
Let t be (-4)/3*9/(-2). Let q(o) be the first derivative of o**3/3 - 3*o**2 + 8*o + 164483. What is q(t)?
8
Let h(g) = g**3 - 10*g**2 - 5*g + 54. Let u be h(10). Suppose 0 = -b + c + 1 - 4, -u*b + 5*c = 13. Let j(i) = -3*i**2 - 2*i. Calculate j(b).
-8
Let c(o) = -o**3 + 7*o**2 + 9*o - 9. Let l be 7/((-21)/18) - -3. Suppose 2*f - u + 0*u = -5, -4*f = 2*u + 6. Let b be 8 + f - (-1 - (-3)/l). What is c(b)?
-1
Let k(n) be the first derivative of -21*n**2/2 + 7*n + 21. Determine k(1).
-14
Suppose -1185*x + 567 = -996*x. Let o(v) be the third derivative of v**2 + 0*v - 2/3*v**x - 1/24*v**4 + 0. Calculate o(6).
-10
Let r(i) be the second derivative of -i**4/12 + 3*i**3/2 + 19*i**2/2 + 791*i. Give r(11).
-3
Let o(p) be the second derivative of -3*p**3/2 + p**2/2 - p. Suppose -3*l + l - 4 = 0. Let b be (18/(-126))/(l/14). Determine o(b).
-8
Let r(j) be the second derivative of -2*j**4/3 - 4*j**3/3 + 5*j**2/2 - 1846*j. What is r(-3)?
-43
Suppose -3*t + 6 - 12 = 0. Let x be (-3 - -1)/(t*1/8). Let i be (196/x)/7*2. Let d(w) = -w + 3. Determine d(i).
-4
Let p(f) = -9 - 10*f + 5*f**2 - 6*f**2 + 0. Suppose 1 = -2*y - 9 - 10. Determine p(y).
-9
Let j(p) = -3*p + 19*p - 16 - 15259*p**2 + 7690*p**2 + 7568*p**2. Let v(n) = -7*n - 2. Let z be v(-2). Calculate j(z).
32
Let m(b) = 133*b + 61. Let c be m(0). Let k(f) = -f**3 + 63*f**2 - 120*f - 126. What is k(c)?
-4
Let u(q) = -4*q - 6*q**3 - 9*q**3 + 128*q**2 - 123*q**2 + 1 + 14*q**3. What is u(4)?
1
Let a be (-5 + (-30)/(-5))/(3/27). Suppose 3*l = j + 9, -a*j = -12*j. Let g(n) = n**3 - n**2 - 4*n - 1. What is g(l)?
5
Let c(d) = d**3 - 57521*d - 57517*d + 115050*d + 2*d**2 + 15. Give c(-2).
-9
Let v = 99 - 95. Suppose 0 = -3*s - a + 9, -4 = s + 3*s - v*a. Let u(k) = -4*k**s + 2*k**2 + 3*k**2 - 4*k**2. Give u(1).
-3
Let t(i) be the first derivative of -8/3*i**3 + 1/4*i**4 + 2*i - 9/2*i**2 + 18. Calculate t(9).
2
Suppose -5*o = -4*c + 33, -2*c - 62*o + 66*o = -24. Let h(p) = -13*p**2 - 6*p. Calculate h(c).
-64
Let t be (2 - 4) + 2/(-4)*-42. Let z(m) = -m**3 + 20*m**2 - 18*m - 18. What is z(t)?
1
Let g(p) be the third derivative of p**5/60 + 7*p**4/24 + p**3/3 + 37*p**2. Let h be g(-8). Let f be (3 - (3 + 7))*h/(-14). Let k(b) = b - 4. Determine k(f).
1
Let z(h) = 4*h - 36. Suppose -8*i + 1311 = 36*i + 25*i. What is z(i)?
40
Let c(v) be the third derivative of v**6/720 - v**5/20 - v**4/12 + v**3/6 + v**2 - 28*v. Let u(x) be the second derivative of c(x). What is u(0)?
-6
Suppose 